*x + 4*q + 17. Suppose -b + 7 + 26 = -5*m, -x*b - 3*m = -81. Calculate the greatest common factor of 9 and b.
9
Suppose -3*i = r - 49 + 13, 0 = 3*r - 5*i - 108. What is the highest common divisor of r and 96?
12
Let w be 7110/216 - 1/(-12). What is the greatest common factor of 275 and w?
11
Let z = 39 + -36. Suppose 50 + 70 = z*o. Calculate the greatest common divisor of 4 and o.
4
Suppose 128*w - 4203 = 789. What is the greatest common divisor of 832 and w?
13
Let x be (-3)/(5/(80/(-6))). Let m be -8*(-3 + (-1 - -3)). Suppose -m*r + 60 = -5*r. Calculate the highest common divisor of x and r.
4
Let b be (2 - 3)*(-119 - 1). Let m = -73 - -147. Suppose 0 = 4*j + 3*g - 63, 0 = 7*j - 2*j - g - m. Calculate the highest common divisor of b and j.
15
Let d = 88 + -50. Let a = d + -33. Calculate the greatest common divisor of 30 and a.
5
Let h(n) = 3*n**3 - 11*n**2 + 5*n + 12. Suppose 0 = -2*d + d - 4, l - 3*d = 19. Let v be h(l). Let z = v - 321. What is the highest common factor of 27 and z?
27
Let a be (0 + -4)*4/24*-3. Let x be (-33)/((-12)/64*a). What is the highest common divisor of x and 8?
8
Let u(a) = 4*a**3 + 3*a**2 + 7*a + 4. Let t be u(4). Let c = 501 - t. Let k be 4/10 - 146/(-10). What is the greatest common divisor of k and c?
15
Let i = -28 + 30. Suppose 493 + 734 = 3*w + i*x, 5*w - 2041 = -2*x. What is the greatest common divisor of w and 37?
37
Let v(n) = -137*n + 29. Let j be v(-7). Suppose j - 138 = 17*g. What is the greatest common factor of 125 and g?
25
Suppose -4*d - 13 + 33 = 0. Suppose 0 = 4*o + 8, 19 = 3*a - d*o + 3*o. What is the highest common factor of a and 5?
5
Let n = -1031 - -1052. What is the highest common divisor of n and 91?
7
Let n = 62 + -35. Let r = 34 - n. Calculate the greatest common divisor of 7 and r.
7
Let u = 469 + -204. Suppose -5*h + 345 = 4*c, 2*h + c - u = -2*h. Suppose 2*j - 71 = h. What is the greatest common divisor of j and 17?
17
Let k be 2/(-4)*320/(-10). Let t be 188/2 + -1 + 3. Calculate the greatest common factor of k and t.
16
Let k = -241 + 319. Calculate the greatest common factor of k and 117.
39
Let f be -2 + 2 + -4 - (-48)/12. Suppose f = 3*t + h - 23, 3*t + h + 3*h = 38. Let b be 28/3 + 1/(-3). Calculate the greatest common divisor of b and t.
3
Let d be (-136)/28*(-7)/2. Calculate the greatest common divisor of 51 and d.
17
Let k be (2 + 108/8)*6. Suppose -21 + k = 4*m. Calculate the greatest common divisor of 90 and m.
18
Suppose 0*r = -3*p - r + 14, 8 = -2*r. Suppose -8 = -p*f - 2*f. Calculate the greatest common divisor of 5 and f.
1
Suppose -14*f - 180 = -17*f. What is the greatest common divisor of f and 24?
12
Let h(c) = c**3 - 28*c**2 - 88*c - 36. Let o be h(31). Let u be (17/(-2))/(1/(-2)). What is the greatest common factor of u and o?
17
Let c be (7 - (-65)/(-2))/((-1)/6). What is the highest common divisor of 34 and c?
17
Suppose 3*w - 3*u - 177 = 0, 5*u - 56 = -5*w + 249. Suppose 42*h - 60 = 38*h. What is the greatest common factor of h and w?
15
Suppose -135 = 17*h - 26*h. Calculate the greatest common factor of h and 75.
15
Suppose -103*j + 17837 = 3108. What is the greatest common divisor of j and 78?
13
Suppose 125*j - 130*j + 20 = 0. Suppose r - 2*u + 22 - 118 = 0, -2*r = 3*u - 178. What is the highest common factor of j and r?
4
Let v = -121 + 119. Let x(h) = -85*h + 10. Let y be x(v). Calculate the highest common divisor of 12 and y.
12
Suppose -121 + 41 = -5*y. Let n(d) = d**2 - 6*d + 5. Let s be n(5). Suppose -3*g + 37 - 13 = s. Calculate the greatest common divisor of y and g.
8
Suppose 1436 = 2*l - u, -50*l + 55*l + 2*u - 3608 = 0. Calculate the greatest common factor of l and 160.
80
Suppose -1556 = -17*i + 1198. Calculate the greatest common divisor of 6 and i.
6
Suppose -3*w - 126 = 4*w. Let d be (-4)/(-8)*w/(-1). What is the greatest common factor of 12 and d?
3
Suppose -8*z = -7*z - 57. Suppose -4*q + 231 = 3*b, b - 20 - z = 5*q. Let i be (12 + -1)/(-2 + 3). What is the highest common factor of b and i?
11
Let g = 73 + -150. Suppose 3*n = 9*n. Let r = n - g. Calculate the greatest common divisor of 7 and r.
7
Suppose s - 5*s + 12 = 0. Suppose 2*v - 21 = -s*f, -3*v - 10 = -2*f + 4. What is the greatest common factor of f and 63?
7
Suppose 0 = 162*j - 148*j - 14504. Calculate the greatest common divisor of j and 37.
37
Let v = 5 - 4. Let z be (2 + 1)*v + -3. Suppose s + z = 3. What is the greatest common divisor of s and 27?
3
Suppose 4*r - 5*y - 11 = 0, r - 17 = 6*r + 4*y. Let l(j) = -4 - 9 - 10*j**3 - j**2 - j - 4 + 16. Let x be l(r). What is the highest common divisor of 45 and x?
9
Let q = 46 - 81. Let m = q + 42. What is the highest common divisor of m and 35?
7
Suppose 0 = 6*h - 766 + 52. Let u be 34/h - 544/(-7). Calculate the highest common factor of u and 6.
6
Suppose -4*a + 3 = -z, 0 = 4*a - 4 - 4. What is the greatest common factor of z and 395?
5
Let a = -2 + 8. Let f = -46 + 56. Let c = f - a. Calculate the greatest common divisor of 44 and c.
4
Let y = 72 - 48. Let g be -3 + 2 + 1/((-4)/(-772)). Calculate the highest common factor of g and y.
24
Let j be 1/(-1)*((-14)/(-7) - 7). Let g = -16 - -10. Let v be (g/(-9))/((-2)/(-60)). What is the greatest common divisor of j and v?
5
Let v be (7 + -3)/4 + 9. Calculate the greatest common divisor of 80 and v.
10
Suppose 3*g + 5*d - 77 = 0, d - 84 - 15 = -5*g. Suppose -555 = -27*u - 42. Calculate the highest common divisor of u and g.
19
Let c(z) be the third derivative of z**6/120 + z**5/10 + z**4/24 + 19*z**3/6 - 39*z**2. Let k be c(-6). Calculate the highest common factor of k and 117.
13
Let t be 4*18/4 + -1. Let x(z) = z**3 - 18*z**2 + 19*z + 11. Let l be x(t). What is the greatest common divisor of l and 30?
15
Suppose 0 = -3*r + 8*r + 4*m - 17, 17 = 3*r - m. Suppose r*j = -21 - 4. Let w = 3 - j. What is the greatest common divisor of w and 40?
8
Suppose 13*k - 1272 - 28 = 0. Calculate the greatest common factor of k and 75.
25
Let l be (-8)/(-12) + (-3)/((-9)/10). Suppose 3*t - 5*r + r - 581 = 0, l*r = -t + 199. What is the highest common divisor of t and 15?
15
Suppose -3*n - 82*v + 83*v = -143, 4*n - 3*v = 189. What is the greatest common factor of 816 and n?
48
Suppose -2*q = 2 + 8, -2*a = -4*q. Let g be (15/a + -2)*-14. Suppose -5*n = -g + 4. Calculate the highest common divisor of n and 81.
9
Let y(z) = 21*z**2 - 13*z - 32. Let u be y(-3). What is the greatest common divisor of u and 7?
7
Let p be 98 + ((-20)/5 - -2). Calculate the greatest common divisor of p and 336.
48
Suppose 2*b + 4*w - 43 - 1 = 0, 0 = 9*b + 5*w - 146. Let j(r) = -13*r - 3. Let d be j(-3). Let p = -22 + d. What is the greatest common factor of b and p?
14
Let r(g) = 5*g**2 - 5*g + 2. Let b be ((-42)/(-35))/((-23)/(-10) - 2). Let c be r(b). What is the greatest common factor of c and 155?
31
Let v be (-12)/(-3)*2/((-16)/(-34)). Let y = -16 + v. What is the highest common divisor of y and 3?
1
Let k = 355 + -311. Suppose -27 = -3*l - 3*f, 3*l + f = 12 + 5. Calculate the highest common factor of k and l.
4
Suppose 0 = 2*q - 314 - 102. What is the greatest common divisor of q and 16?
16
Let g be ((-96)/(-42))/((-36)/(-7) - 5). What is the highest common divisor of 272 and g?
16
Suppose 4*n + 2*t - 3*t - 701 = 0, 352 = 2*n - 2*t. Suppose 4*z - 94 = -3*f, f - 24 = -2*z + 24. What is the highest common factor of z and n?
25
Suppose -23*i + 16*i = -343. Calculate the greatest common divisor of 56 and i.
7
Suppose p - 5*v = 5, 4*v + 1 = 4*p - 3. Suppose p*k + 4*k = 5*f - 953, f + k = 187. Calculate the greatest common divisor of 21 and f.
21
Let q(h) = 25*h + 16. Let v be q(-6). Let i = 154 + v. Calculate the greatest common factor of i and 20.
20
Let p = 184 - -322. Calculate the highest common factor of 92 and p.
46
Let g(k) = -k**3 - 18*k**2 + 22*k + 117. Let f be g(-19). What is the greatest common divisor of 320 and f?
20
Let w = 38 + -24. Let p = -96 - 41. Let l = 158 + p. Calculate the greatest common factor of w and l.
7
Suppose -y = -4*h - 55, -2*y + 110 = -10*h + 5*h. What is the highest common divisor of 20 and y?
5
Suppose -5*q - 28 = -4*p + 20, -5*p = 2*q - 60. Let x(i) = 2*i**2 - 14*i + 9. Let j be x(6). Let t be 6/2*3 + j. What is the greatest common factor of t and p?
6
Let y = -429 - -561. What is the hig